)/(-8))?
6
Suppose -2 = 4*y - 26. Suppose -2*x + 89 = c, 4*x + 86 = y*x - 2*c. Suppose -3*r = 2*l - 11, 2*l - 7*l = 2*r - x. What is the tens digit of l?
1
Let j be 7/((-9)/(-6) + -2). What is the tens digit of j*(2 + -3) - 2?
1
Suppose s + 5*u - 191 = 2*u, 4*s - 764 = -4*u. What is the tens digit of s?
9
Suppose 0 = -0*z + 2*z. Let h = z + 0. What is the units digit of (h - (-6)/2) + 2?
5
Let r be -20 + (-3)/(-3) - 1. What is the units digit of 3/3 + -3 - r?
8
Let b = 1 + -1. Suppose -4*d = 5*o + 16, b = -5*o + d + 1 + 3. Suppose -u + 3 = -o. What is the units digit of u?
3
Let k = -13 - -19. Suppose x = -2*x + k. What is the tens digit of 10 - (-1 - (x - 3))?
1
Suppose 3*w - 585 = -3*y, -7*w + 2*y = -4*w - 590. What is the tens digit of w?
9
Let k be (-3)/(-9) - 11/(-3). Let a = -12 + 17. Suppose -a - 19 = -k*u. What is the units digit of u?
6
Suppose 2*y - 4*y + 4 = 4*u, y + 1 = -u. Let h(i) = -6*i - 5. What is the tens digit of h(y)?
1
Let q be (0/(-5))/(1*-2). Suppose q = -4*g + g + 63. What is the units digit of g?
1
Let q = 72 + 12. What is the tens digit of q?
8
What is the tens digit of 2/7 - (-888)/28?
3
Suppose 0*s = 5*h + s - 95, -h + 4*s = -19. What is the units digit of h?
9
Suppose 2*y = -5*b + 91, 2*b - 5*y - 19 = -0*b. What is the units digit of b?
7
Suppose 2 = -o - o. Let c = o - 5. Let x(h) = -h + 4. What is the units digit of x(c)?
0
Suppose -4*a - 2*d + 368 = 0, d = -5*a - d + 458. What is the tens digit of a/24*(3 + 1)?
1
Let b = -2 + 4. Let v be 33/(-3) + 2/b. Let m = v + 26. What is the tens digit of m?
1
Let x(l) = -2*l - 14. What is the units digit of x(-10)?
6
Suppose -3*t = k - t + 7, 0 = -t - 5. Suppose -k*q = q - 60. What is the units digit of q?
5
Let i(b) = b**3 - 11*b**2 + 8*b + 17. Let h be i(10). Let l(s) = s**2 + 0*s**2 - 4 + 2 - s. What is the units digit of l(h)?
0
Let m = -21 - -17. Let f(y) = y**2 - 2*y - 6. What is the tens digit of f(m)?
1
Let i = -4 + 16. What is the tens digit of i?
1
Suppose 0 = -4*k + 2*m + 56, -k - 2*m + 7 = m. Suppose 6*b = 7*b - k. What is the units digit of b?
3
Let x be 2/(-4)*(1 + -1). Let o be 0 - x - (3 + -3). Suppose 4*r - 5*g + 6 = 0, r + o*g = -2*g + 5. What is the units digit of r?
1
Let r(c) = -c**3 - 4*c**2 - 5*c - 3. Suppose 2*v + 3*x + 8 = 0, -x = -2*v + x + 2. Let s = -4 - v. What is the units digit of r(s)?
3
Let z be (-1)/7 - 1005/21. Let x = z + 78. What is the units digit of x?
0
What is the units digit of 92/12 - 1/(-3)?
8
Suppose 16 = -9*a + 5*a. Let f(p) = -p**3 - p**2 + 4*p - 1. What is the units digit of f(a)?
1
Let i(u) be the third derivative of 17*u**6/120 + u**5/60 - u**4/12 + u**3/6 - u**2. What is the units digit of i(1)?
7
What is the tens digit of 3/108*6 - 1858/(-12)?
5
Suppose 5*a = -2*j + 12, 0 = -2*j - 3*j + 5. What is the units digit of a?
2
Let m be (-96)/9 + (-2)/(-3). What is the units digit of (4/m)/(1/(-35))?
4
Let p be (12/(-1))/((-6)/8). Let k = p + -8. What is the units digit of k?
8
Let i(g) be the third derivative of g**4/8 + g**3/6 - 2*g**2. Let m be i(7). Suppose 3*n + f = -f + 11, -m = -2*n - 5*f. What is the units digit of n?
1
Suppose -t - s - 49 = 0, -s + 1 = 5. Let l be (-5)/(t/12)*3. Suppose -g + 0*g + 10 = o, -2*o - 4 = -l*g. What is the units digit of o?
6
Let c be 28/6 - (-8)/24. Let z = c - -1. Suppose u = -u + z. What is the units digit of u?
3
Let j be (6/5)/(6/(-20)). Let t(p) = 2*p + 5. Let k be t(-4). What is the units digit of (2/j)/(k/24)?
4
Let b be (-2)/(-4) + 69/6. Let v be (b/5)/(2/15). Suppose -2*t = -4*t + v. What is the units digit of t?
9
Let s = 63 - 93. Let u be (2/4)/(1/s). What is the units digit of ((-2)/1)/(3/u)?
0
Suppose 343 = -0*g + 3*g + 4*a, -a = -1. What is the units digit of g?
3
Suppose -5*y + 8*y = 18. Suppose v = -2 + y. What is the units digit of v?
4
Let u = -40 + -10. What is the tens digit of (60 - 0)*(-20)/u?
2
Let j(b) = b**3 + 5*b**2 - 1. Let y be j(-5). Let k = 12 + y. Let i = -6 + k. What is the units digit of i?
5
Suppose 5*u + 82 - 987 = 0. What is the hundreds digit of u?
1
Let o = -32 - -17. Let g = 27 + o. What is the tens digit of g?
1
Let z = 212 + -5. What is the tens digit of z?
0
Let g = 72 - 40. What is the tens digit of g?
3
Suppose 0 = c + 5*m + 9, 0*c + 3*c = 2*m + 7. Let l(d) = d + 1. Let h(x) = x**3 + 5*x**2 - 8*x. Let q(o) = c*h(o) + l(o). What is the units digit of q(-6)?
7
Let j(h) be the first derivative of -h**3/3 + 9*h**2/2 + 2*h + 2. Let q be j(9). Suppose -q*v - 4*a = -6*v + 4, 3*v - 3 = -a. What is the units digit of v?
1
Let c(m) = m**3 + 2*m**2 - 3*m + 2. Let z be c(-3). Suppose -q = -z*t - 3*q + 16, 3*q = 4*t - 4. What is the units digit of t?
4
Suppose 5*i - 42 = 3*k - 363, -4*k = -2*i - 414. What is the tens digit of k?
0
Suppose 91*v = 88*v + 240. What is the units digit of v?
0
Suppose -2 = -3*b + 4. Suppose -2*l = -5*x + 3*l + 30, b*x - 4*l - 14 = 0. What is the units digit of x?
5
Suppose 4*k - 5*z = 107, -k = 3*k + z - 137. What is the units digit of k?
3
Suppose 8*o = 2*o + 426. What is the tens digit of o?
7
Let a(i) = i + 2. What is the units digit of a(8)?
0
Let r = -50 - -70. Let w be (6/(-4))/((-3)/r). Suppose w + 20 = 4*j - 3*h, -40 = -4*j - 2*h. What is the units digit of j?
9
Let h(p) = -2*p**2 + 28*p - 8. What is the units digit of h(13)?
8
Let s(u) be the second derivative of -2*u + u**2 + 0 + 1/3*u**3. What is the units digit of s(3)?
8
Suppose -3*w + 16 = -20. Let v = -9 + w. Suppose -v*m = -13 - 14. What is the units digit of m?
9
Let u = 0 + -1. Let n = 5 - u. Let o = n + -2. What is the units digit of o?
4
Suppose -2*c - 5*f = 2*c - 27, 2*c - 9 = -f. Let a = c - 3. Suppose 3*d - 12 = -a. What is the units digit of d?
4
Let i be (-5)/(20/8) + 7. Suppose -4*q - 2*d = -i*d - 78, q - d - 19 = 0. What is the units digit of q?
1
Suppose -4*d + n + n + 448 = 0, 0 = 3*d + n - 346. Suppose -2*j - 2*j - w = -99, -2*w = -5*j + d. What is the units digit of j?
4
Let h be ((-2)/(-5))/(3/45). Let g = h - 2. Let d(u) = u + 1. What is the units digit of d(g)?
5
Let z = 103 - 66. Suppose 4*x = 117 - z. What is the units digit of x?
0
Let u(w) = w**2. Let k(a) = 7*a**2 - 6*a + 7. Let c(q) = k(q) - 6*u(q). What is the units digit of c(5)?
2
Suppose 0*q - 8 = -4*q. Let b = q - -3. What is the units digit of b?
5
Let a(d) = -d**2 - 5*d - 2. Let y be a(-5). Let b be y/4*(-2 + 2). Suppose b*h = 4*h - 24. What is the units digit of h?
6
Let f(x) = x**2 - x + 34. Let h be f(0). Suppose 52 = 2*l - h. Suppose 5*o + 13 - l = 0. What is the units digit of o?
6
Let p = 7 + -4. Let a = p + 1. What is the units digit of a?
4
Let o(h) = h**3 - 3*h**2 + 3*h - 7. Let k be o(3). Suppose k*s + 16 = 46. What is the units digit of s?
5
Let o(g) = 12*g + 1. Let u be o(4). What is the units digit of 33/7 - (-14)/u?
5
Let o = -4 - -22. Suppose o = -5*k + 7*k. What is the units digit of k?
9
Suppose 0 = 4*x + b - 5, -x - 2*b - b - 7 = 0. Let k(w) = 4 + 3*w**x + 1 - 2 + 3*w. What is the units digit of k(-2)?
9
What is the tens digit of (-256)/(-12) - 2/(-3)?
2
Let u(j) = 0*j - 2*j - 1 + 0. Let s be u(-5). What is the tens digit of (0 - -1) + s/1?
1
Suppose -2*w - 5*x - 44 = -5*w, 4*x = 4*w - 48. Let m = -3 - -7. Suppose -o + 4 = -4*i, 3*i = -2*o + m*i + w. What is the units digit of o?
4
Suppose 52 = 3*a + 16. What is the units digit of a?
2
Suppose 61 = -0*o + o. What is the units digit of o?
1
Let a = -342 + 231. Let t = -67 - a. What is the units digit of t?
4
Let z = 389 - 253. What is the units digit of z?
6
Suppose -49 = -2*s + 5*j, -2*s + 4*j = j - 39. What is the units digit of s?
2
Let a(z) = 6*z**3 - z**2 - z - 1. Let f be a(-1). Let v = f - -11. Suppose 0 = 3*j - 6, 0 = v*q + 3*j + 7 - 33. What is the units digit of q?
5
What is the units digit of 8/(-10)*1125/(-10)?
0
Let a(d) = -37*d**3 - d**2 + 3*d + 3. What is the hundreds digit of a(-2)?
2
Suppose l + 6 = 4*a, 0 = 3*l - 0*a - 2*a - 22. What is the units digit of l?
0
Suppose -30 + 0 = -5*n. Suppose 36 = n*m - 3*m. What is the tens digit of m?
1
Let p(h) be the first derivative of h**4/4 - 4*h**3/3 + 3*h**2/2 + 5*h + 2. Let b be p(4). Let s = 28 - b. What is the units digit of s?
1
Let x(b) = 4*b**3 - 8*b**2 + 3*b + 2. Let h(c) = 5*c**3 - 9*c**2 + 3*c + 2. Let v(j) = 3*h(j) - 4*x(j). What is the units dig